 - -46 - 32) + -51?
-57
What is (66 - (-241 + 355)) + (-1 - 6)?
-55
What is the value of 10578 - 10654 - (-2 - 95)?
21
Evaluate (1 - (2 + 0)) + (35 - (25 - -12) - -5).
2
What is the value of (-204 - -135) + (0 - -25)?
-44
-22 - (11 - (2 + (-10 - 3) + (4 - -7)))
-33
Evaluate 15 + 1 - (23 + -46 - -34).
5
3 + 6 - (-15 + -3 + 23) - -13
17
What is -25 + (86 - 29) + -44 - (0 + 30)?
-42
What is the value of 56 - 0 - (21 - (2 + 31 + 2))?
70
What is the value of -25 + 6 + 89 + 3 + -32?
41
What is the value of -16 + (5 - 3 - -3) + (-1 - -1) + -10?
-21
What is (120 - 126) + 81 - 188?
-113
Calculate -22 - ((-1 - (1 - 2)) + (-568 - -555) + 28).
-37
Evaluate (-102 - (-171 - -8)) + 1 + -1 + 3 + 6.
70
(-7 - 6) + (-27 - (41 - 16) - 16)
-81
What is the value of 36 + (-2 - (1 - 4 - (22 + (-38 - -22))))?
43
Calculate -2 - (-14 + -8 + 23 - 132 - -11).
118
What is the value of 0 + -2 + (1432 - 1458)?
-28
-135 + 87 + (18 - -42)
12
Calculate 35 + 54 + -40 + (-23 - 3).
23
Evaluate -91 - (-22 - (-9 + 7 + 6 + -7)).
-72
What is 21 - (82 + -95 + 33 - (-1 + 48))?
48
(-81 - -45 - -39) + -6 - -19
16
(34 - -87 - 102) + 32
51
14 + (-37 - (-31 + 8)) + -43
-43
What is (14 - 4 - -16 - 2) + 6 + -10?
20
What is (-6 - -9) + 1 + -36 + 55?
23
What is 76 + -13 + -6 + 23 + -28?
52
What is the value of 2 + 69 - (7337 + -7248)?
-18
Calculate (123 - 126) + -5 + 4 + 13.
9
-21 - (-4 - 2) - (-1 + 86 - (-271 + 285))
-86
Calculate 4 - 101 - (333 - 393).
-37
-2 + 39 + 0 + -3 - (-2 + 11)
25
Calculate (0 - -22) + 0 + -20 + (24 - -7).
33
What is the value of -9 + -14 + -23 - -94?
48
What is the value of -20 - -46 - 12 - (44 - 0)?
-30
Calculate 8 - (-140 - -6) - (-1 + -15 + 8 + 16).
134
What is -5 + (109 + 41 - 92)?
53
Calculate -33 + 26 + (-11 + 5 - -10 - (-9 + 49)).
-43
-28 + (-7 - (40 - 4)) + 1 + 3
-67
What is -9 + 0 - (-51 + -3 + 27 - -3)?
15
-105 + 124 - (-3 + -1) - (7 + -20 + 14)
22
What is the value of (18 - 1) + -21 + (6 - (37 - 7))?
-28
Evaluate -115 - (-7 - (36 + -62) - 18).
-116
Evaluate -55 + (-83 - (-40 + 1)) - 33.
-132
What is 3 + -69 + (-5 - 7) + 1 + 11?
-66
Calculate -111 + -6 + (-15 + 10 - -6) - (-14 - -22).
-124
Calculate (24 + 38 - (-11 + 22)) + (-5 - -11).
57
Calculate 5 + 1 + 0 + (-1195 - -1322).
133
What is -34 + 35 - 27 - 25?
-51
Evaluate (14 - 70) + (187 - 133).
-2
What is -96 + 48 - -55 - (-52 - (3 + -5))?
57
Calculate -5 + (-9 - -59) + -10.
35
What is (43 - -1) + (-4213 - -4217)?
48
(-2 - 62 - (-128 + 104)) + -7
-47
What is the value of -1 + -3 + 45 - (6 + -9 + 24 - 13)?
33
-63 + 150 + -138 - 36
-87
Evaluate -80 - (-16 - (-22 - -54)).
-32
What is the value of 84 - -245 - 312 - (-1 + 1 + -34)?
51
Calculate (-70 - (-23 - 107)) + -64.
-4
What is the value of (70 - 59) + 32 + -57?
-14
What is the value of -16 + (33 - (2 + 35 - -8))?
-28
What is the value of (-312 - -236) + (-5 - (14 - 13)) + -3 + -5?
-90
Evaluate 66 + (-28 + (-9 - -24) - 11).
42
24 + -24 - -50 - (19 + -13)
44
(2 - 36) + 26 + (-20 - 19) + 21
-26
What is the value of 0 + (20 - (31 - (12 + -22)))?
-21
Evaluate -13 + (-1 - -39 - 67).
-42
Evaluate 24 + 9 + -5 - (-73 + 201).
-100
3 + 2 + (3 - (54 - -2)) + (107 - 109)
-50
-47 + -2 - (64 - (-15 + 75))
-53
(65 - 42) + 58 + -36
45
What is the value of 53 + -1 + (16 - 0) + (-44 + 19 - -16)?
59
Calculate (12 - 11) + (1 - 19) + -145 + 229.
67
(-2 + 4 - -44) + 10 + -17 - -3
42
What is (-25 - (-27 - -13)) + 8 + -77 - 10?
-90
What is (1 - 10 - (32 - (45 + -26)) - -12) + 10?
0
Calculate (5 - -22 - 53) + 30.
4
Evaluate 9 + 146 + -2112 + 2048.
91
-2 - (7 + 105) - (-67 + 78 + -13)
-112
Calculate -13 + 21 + -17 + (1 - -37).
29
Evaluate (-20 - (-12 - 7)) + -4 + -20 + -9.
-34
Calculate -1 - 6 - (17 + (26 + -41 - 95)).
86
What is the value of -57 - -56 - ((10 - 5) + 36)?
-42
Calculate (-5 - -62 - 7) + (6 - (11 + 7 + -8)).
46
What is the value of 77 + -104 + 156 - 20?
109
(3 - 97 - -121) + -3 + -37
-13
Calculate -603 + 653 + (3 - 4) + -2 + -3.
44
Evaluate 4 + -17 - (-27 + 39 + (24 - 94)).
45
Calculate (-34 - -11 - -17) + -1 + -104 + (2 - -10).
-99
What is -1 - -50 - (11 + -5 - 13) - -5 - 7?
54
What is 2 + 5 + (2 - 9) + (16 - (18 - -3))?
-5
What is the value of 53 + (-36 - (71 - 76)) - (-7 + -1)?
30
Evaluate -52 - 0 - (1 - -17 - (92 + -71)).
-49
What is 0 + 1 + (5 - 7) + -1045 + 1190?
144
What is the value of -43 + (74 - 17 - 41)?
-27
(19 - 12 - 5) + 10 + (112 - 117)
7
What is 3 + -13 + 0 + -2 + 21155 + -21223?
-80
(14 - ((3 - 2) + 72 + -69)) + (2 - 99)
-87
Calculate (3 + 2 - 1) + 2 + -13 - (-951 - -889).
55
Evaluate -17 + 8 - (55 + -37 + -76).
49
What is (-22 - -53) + -195 + 176?
12
What is the value of 154 + -91 - (32 + 24)?
7
Evaluate 5 - (-2 - 5) - ((-10 - (7 + -16)) + 0).
13
79 + (-782 + 801 - (2 + (-6 - -2)))
100
Calculate 0 + 0 - 6 - ((197 - -1) + (-16479 - -16410)).
-135
Evaluate 1 + 7 - (-22 + 1 + (-1540 - -1535)).
34
What is (-2 - -9) + (833 - 808)?
32
Evaluate (10 - (24 - 9 - 8)) + (-69 - (-3 - -9)).
-72
(-1 + 1 - -3) + (27 - (-12 - -52))
-10
What is the value of -13 + (5 - 3) + 15 - 7 - (34 - 4)?
-33
12 + (8 - -7 - (94 - 112))
45
9 + (2 - 68) + (-6 - -5 - 15 - -29)
-44
Calculate 12 - (4 + 0 + -5) - (-88 - -23).
78
Calculate 25 + 55 + -151 + 34.
-37
Evaluate -88 - -107 - 124 - -30.
-75
6 + 1 - (-3 - -10 - -8) - 30
-38
Evaluate -29 + 1 + (120 - 2) + -1.
89
Calculate 192 - 203 - (-7 + -50).
46
What is the value of -106 - (1 + 127 + -142 + (2 - 2))?
-92
(1 - 1) + -1 + 1 + -4 + 47
43
Calculate ((1 - 1) + 2 - 1) + (51 - (55 - -4)).
-7
What is -95 + -117 + 97 + 9?
-106
Evaluate (1154 - 1157) + (10 - 31).
-24
Evaluate -6 - (-195 - -215 - (-55 - -6 - 6)).
-81
(8 + -2 - -46) + 8 + (1 - 7)
54
Calculate (38 + -35 - 9) + (8 - 30).
-28
Evaluate -2 - ((9 - 6) + 1 - (-6 - 2) - 20).
6
What is -99 - (38 - 163 - 10)?
36
Calculate (17 + -19 - -6) + (-15 - -18) + -25.
-18
Evaluate -51 - (-35 - (-34 - -25)).
-25
What is (1 - (0 + -1 - -4) - 3) + -63?
-68
Calculate -6 - ((-12 - 14) + 22) - -125.
123
What is the value of -12 + (-52 - 7) - -22?
-49
What is the value of (-168 - -210) + -1 + -38?
3
Evaluate -157 + -1 + (13319 - 13248).
-87
24 - (32 + -21) - -9 - 18 - (1 + 48)
-45
Calculate -40 + 49 + (0 - 6 - (69 - (6 + 13))).
-47
Evaluate -15 + (45 - 27) + 47 + 2 + -9.
43
Evaluate -40 + 2 - (101 - (43 - -16)).
-80
Calculate -1871 + 1840 + -30 + -2.
-63
Calculate 18 - (-27 + 20 + 13 + 57).
-45
Evaluate (-10 - 25) + (0 - ((10 - 1) + -11)).
-33
Evaluate -3439 + 3433 - (1 + 31).
-38
Calculate -79 - (12 + -2 + 9 + (-28 - -28) + -6).
-92
9 + (-51 - (-31 + -31))
20
Calculate -13 - (-7 + (-36 - -33) - (1 - 11)).
-13
-12 - (1616 + -1614 - ((-2 - -1) + -39))
-54
(-12 - -11) + (3 - 93) + -8
-99
65 - (10 - (5 + (9 - (4 - -3)) + -2))
60
What is the value of -3 + -8 + 8 + 64 + (-10 - -4) + 13?
68
Calculate (1670 - 1833) + (92 - 4).
-75
-27 + 77 + -46 + 8
12
Evaluate (-26 - (-42 + 29)) + (1 - -19) + -77.
-70
1 + 10 + 834 + -925
-80
Calculate (80 + -65 - -82) + -77.
20
What is (123 - 125) + (-14 - -4 - 2) - 19?
-33
9 - -9 - (-14 - -22) - (-8 + 18 - -22)
-22
What is the value of (20 - -2) + (65 - (-48 - -130))?
5
What is the value of -49 + (13 - (4 + 14)) - 19?
-73
Calculate 21 - (-15 - 69) - (34 + -13 + -8).
92
Calculate -429 - -444 - (2 + 18).
-5
Calculate -101 - -49 - (-9 + 3).
-46
What is the value of 16 + -17 + 5 + 3 + -11?
-4
-441 + 403 - (8 + -148)
102
What is the value of 10 - (-11 - (5 + -27 - (-4 + -5)))?
8
Calculate -2 - -8 - (-13 + 27 + -26 + -19).
37
10 + (12 - 15) + (-1 - -4) + 51
61
What is the value of 24 - (-4 - -4 - -9 - ((-1 - 25) + 29))?
18
Evaluate 3 + -126 + (171 - 76).
-28
Evaluate (-2 - 1) + 49 + -3 + -16 + -16 + 39.
50
Calculate 11 - (-24 - (14 + 4 + -108)).
-55
Evaluate (-76 - (91 + -85)) + 105.
23
Calculate (-8 - -9) + (-10 - (2 + 3)) - -13 - 61.
-62
Calculate 190 + -183 - ((-40 - 40) + -3 + -4 + 1).
93
What is the value of (-2 - -2 - 0) + (-53 - -109) - (-103 - -101)?
58
What is the value of -101 - 0 - (46 + (81 - 125) + 6)?
-109
56 + -39 + 67 - 154
-70
What is (-22 - -1) + (1 - (33 - 24) - (-22 + 8))?
-15
What is (2 - -3) + (16 + -28 - -7)?
0
Calculate (-82 - -94) + -6 + 12.
18
Evaluate 39 + 6 + (24 - (-27 + 75)).
21
What is (-1 - -4) + (-131 - -113) - (-1 + -24)?
10
What is the value of 21 - (17 + 28 + -17 + -2)?
-5
12 + (25 + (-63 - -19) - (-1 + 0))
-6
Evaluate 42 - 17 - 73 - ((0 -